)?
-36
Let b(o) = 2*o + 10. Determine b(5).
20
Let c(w) = -w**2 + 20. Determine c(-11).
-101
Let i(n) = 3*n - 14. Give i(4).
-2
Let x(z) = -z**3 + 3*z**2 - 2*z + 9. What is x(4)?
-15
Let r(h) = 7*h**3 - h**2 + h - 1. What is r(1)?
6
Let m(l) = 2*l - 15. Calculate m(6).
-3
Let s(j) = 8*j - 18. What is s(3)?
6
Let k(b) = -3*b + 2. Calculate k(1).
-1
Let x(h) = -50*h + 10. Give x(0).
10
Let x(a) = -a**3 - 6*a**2 + 7*a - 4. Determine x(-7).
-4
Let h(t) = -t**3 + t**2 - t - 19. Calculate h(0).
-19
Let m(x) = x**3 - 10*x**2 - 15*x + 14. What is m(11)?
-30
Let y(v) = -7*v - 74. Give y(-10).
-4
Let x(g) = -6*g + 2. Give x(7).
-40
Let g(a) = a**2 + 2*a - 2. Calculate g(-4).
6
Let y(o) = -9*o. Determine y(1).
-9
Let i(g) = -23*g**2 - 184*g. Calculate i(-8).
0
Let n(l) = 21*l + 17. What is n(-5)?
-88
Let g(o) = -2*o - 7. Calculate g(5).
-17
Let r(w) = -w**3 - 12*w**2 + 43*w - 36. Calculate r(-15).
-6
Let j(b) = b - 8. Determine j(13).
5
Let u(r) = -r**3 + 10*r**2 + 12*r + 11. Calculate u(11).
22
Let w(u) = u**3 - 9*u**2 - 5. Give w(9).
-5
Let x(r) = -4*r + 80. Give x(28).
-32
Let n(y) = -4*y**3 - y - 2. What is n(-2)?
32
Let d(w) = -w**2 + w + 20. Determine d(0).
20
Let q(b) = -b**3 - 15*b**2 - 15*b - 15. What is q(-14)?
-1
Let x(i) = -i**3 - 15*i**2 + 16*i - 4. Calculate x(-16).
-4
Let y(n) = -4*n**3 + 3*n + 1. What is y(2)?
-25
Let d(i) = -i**3 - 10*i**2 + 11*i + 4. Calculate d(-11).
4
Let a(w) = -w - 12. What is a(-5)?
-7
Let q(b) = -b**3 + 15*b**2 + b - 19. What is q(15)?
-4
Let c(a) = 17*a + 118. Determine c(-7).
-1
Let z(d) = -d**3 + 14*d**2 + 2*d - 19. What is z(14)?
9
Let f(i) = i**2 + 5*i + 4. Determine f(-6).
10
Let h(o) = o**2 - 3*o - 1. Give h(-3).
17
Let m(b) = -6*b**2 + 3*b - 4. Calculate m(-3).
-67
Let w(l) = -l**2 - 6*l + 29. Determine w(3).
2
Let r(h) = h**2 + 2*h - 4. Determine r(-6).
20
Let s(t) = 2*t + 1. Calculate s(16).
33
Let n(s) = -2*s**2 + 3*s + 5. Give n(4).
-15
Let v(m) = 2*m**3 + 3*m**2 + 5*m + 6. Determine v(-2).
-8
Let n(m) = m**3 - 10*m**2 + 18*m - 13. What is n(8)?
3
Let q(i) = 23*i - 39. Give q(4).
53
Let j(z) = z**3 - 9*z**2 + 9*z - 2. Give j(8).
6
Let h(j) = -51*j - 316. Determine h(-6).
-10
Let n(i) = i**2 - 14*i + 39. Give n(9).
-6
Let n(f) = -100*f**2. Give n(1).
-100
Let d(y) = 2*y**2 + 4*y - 13. Give d(3).
17
Let z(k) = 2*k**2 - 7*k. Determine z(3).
-3
Let q(u) = -u + 3. Give q(1).
2
Let p(g) = -22*g - 2. Give p(1).
-24
Let q(a) = -a + 16. Determine q(0).
16
Let c(y) = -3*y - 16. Give c(-9).
11
Let b(h) = 2*h**3 + 12*h**2 + 9*h + 13. What is b(-6)?
-41
Let w(k) = -13*k - 1. Determine w(-1).
12
Let o(r) = 30*r**3 - r**2 + 3*r + 4. Calculate o(-1).
-30
Let t(w) = 41*w**3 + 2*w**2 - w. Calculate t(1).
42
Let u(k) = k**3 + 14*k**2 + 2*k + 32. Determine u(-14).
4
Let n(u) = u**3 + 18*u**2 - 18*u + 16. What is n(-19)?
-3
Let a(n) = -12*n**3 + n**2 - n. Give a(1).
-12
Let y(z) = -z - 12. Calculate y(-4).
-8
Let d(w) = 11*w - 13. What is d(-2)?
-35
Let t(q) = -5*q - 25. Calculate t(-6).
5
Let k(h) = -4*h**3 + h**2 - 2*h + 1. Give k(1).
-4
Let c(p) = 7*p**2 + 2*p + 27. Calculate c(-5).
192
Let j(d) = 51*d - 2748. Give j(54).
6
Let v(w) = w**3 + 18*w**2 + 32*w + 9. Give v(-16).
9
Let b(f) = f**2 - 7*f - 11. What is b(11)?
33
Let y(r) = 7*r - 94. What is y(14)?
4
Let c(t) = t**3 - t**2 + t + 20. What is c(0)?
20
Let p(t) = -2*t**2 + 6*t - 5. Give p(4).
-13
Let v(q) = -q**2 + 3*q + 6. Give v(7).
-22
Let g(t) = 3*t**2 + 36*t + 12. Determine g(-11).
-21
Let c(z) = z**3 + 8*z**2 - 32*z + 6. Calculate c(-11).
-5
Let f(u) = -u**3 - 14*u**2 - 12*u + 8. Determine f(-13).
-5
Let l(s) = s**2 + s + 1. Give l(-1).
1
Let g(n) = -7*n**2 + 41*n + 19. Give g(6).
13
Let x(c) = c**2 + c - 10. Calculate x(3).
2
Let r(p) = -p**3 - 10*p**2 + 11*p + 5. Give r(-11).
5
Let g(l) = 29*l - 24. Give g(-6).
-198
Let c(l) = -l**3 - 43*l**2 - 86*l - 161. Calculate c(-41).
3
Let u(h) = 2*h**2 + 55*h + 34. Calculate u(-27).
7
Let a(b) = -b**3 - 4*b**2 + 12*b - 4. Give a(-6).
-4
Let g(a) = 119*a + 706. What is g(-6)?
-8
Let h(t) = t + 31. Give h(-28).
3
Let i(v) = -2*v - 11. Calculate i(9).
-29
Let y(u) = 3*u**3 - 3*u**2 + 7. Determine y(3).
61
Let a(j) = -2*j - 3. Give a(-7).
11
Let r(p) = -3*p**3 - p**2 - 2*p - 5. Give r(-2).
19
Let n(y) = y**3 + 7*y**2 - 4*y - 31. What is n(-7)?
-3
Let z(w) = -4*w + 4. Determine z(2).
-4
Let n(d) = d + 22. What is n(-15)?
7
Let g(x) = -32*x. Determine g(1).
-32
Let i(p) = -p**3 + 41*p**2 - 78*p - 5. Determine i(39).
-5
Let w(v) = v**3 + 9*v**2 + 2*v - 6. Calculate w(-8).
42
Let l(d) = 12*d**2 + 148*d + 40. Calculate l(-12).
-8
Let o(y) = -y**3 + 10*y**2 - 14*y - 6. Give o(7).
43
Let x(b) = b**2 + 21*b - 72. What is x(-24)?
0
Let c(y) = -y**3 + 14*y**2 - 17*y - 1. Calculate c(13).
-53
Let a(s) = -12*s - 4. What is a(1)?
-16
Let f(l) = l**3 - 5*l**2 - 18*l + 12. Calculate f(7).
-16
Let x(h) = h**3 - 10*h**2 + 21*h - 3. Determine x(8).
37
Let u(i) = 6*i**3 + 3*i**2 + 6*i + 12. Calculate u(-3).
-141
Let u(x) = -4*x**3 + 3*x - 3. Determine u(1).
-4
Let x(u) = u - 2. Determine x(3).
1
Let r(x) = -7*x + 2. Give r(2).
-12
Let u(w) = 8*w + 415. Give u(-52).
-1
Let p(a) = a - 28. Calculate p(9).
-19
Let o(h) = 2*h + 4. Calculate o(6).
16
Let p(t) = -t**2 - 10*t + 5. Calculate p(-11).
-6
Let n(z) = -2*z**3 - 2*z**2 - z - 2. Calculate n(-2).
8
Let o(f) = -f**3 - 6*f**2 - 7*f + 6. Give o(-6).
48
Let w(d) = 4*d + 138. Determine w(-35).
-2
Let y(t) = -t - 15. Determine y(-8).
-7
Let l(z) = -2*z**3 + 28*z**2 - 23*z - 39. Determine l(13).
0
Let y(h) = -h**3 - h**2 + 4*h - 1. Give y(-3).
5
Let n(c) = c + 2. Calculate n(-1).
1
Let z(w) = 7*w - 80. What is z(-25)?
-255
Let j(g) = 21*g - 74. Determine j(4).
10
Let f(o) = 9*o**2 + 6*o + 5. Determine f(-1).
8
Let p(w) = 13*w - 31. What is p(1)?
-18
Let r(a) = -a**2 + 31. Calculate r(-6).
-5
Let y(m) = -m**2 - m + 2. Calculate y(3).
-10
Let m(s) = -2*s**2 - 49*s - 84. Give m(-22).
26
Let k(f) = -9*f - 27. Calculate k(6).
-81
Let l(z) = z**2 + 22*z + 24. What is l(-20)?
-16
Let g(r) = -r - 9. What is g(0)?
-9
Let r(y) = -7*y - 17. Give r(-5).
18
Let h(l) = -35*l**2 + l - 1. Determine h(1).
-35
Let g(x) = -4*x - 86. Determine g(-23).
6
Let a(d) = 69*d**2. Calculate a(-1).
69
Let o(v) = v. Give o(4).
4
Let c(x) = -x + 11. Give c(-9).
20
Let t(w) = w**3 + 11*w**2 + 2*w + 15. What is t(-11)?
-7
Let s(g) = -g**3 + g**2 - 3*g + 4. Give s(2).
-6
Let v(c) = 15*c**2 - 4*c - 3. What is v(-1)?
16
Let w(r) = 15*r**2 + 119*r - 1. Give w(-8).
7
Let x(a) = 6*a + 308. Determine x(-51).
2
Let r(k) = k**2 + 9*k + 13. Determine r(-4).
-7
Let i(o) = -2*o**2 - 17*o + 6. Give i(-14).
-148
Let f(a) = -40*a + 75. Determine f(2).
-5
Let x(v) = -5*v + 66. Determine x(14).
-4
Let z(w) = -2*w**2 + 22*w - 16. What is z(10)?
4
Let j(i) = 12*i + 102. Determine j(-11).
-30
Let s(b) = -b**2 + 9*b + 16. Give s(13).
-36
Let p(d) = 29*d - 1. What is p(1)?
28
Let z(p) = -p**2 - 4*p + 13. Determine z(0).
13
Let j(c) = -6*c**2 - 3*c - 2. Determine j(-1).
-5
Let w(k) = k**2 - k. Determine w(-1).
2
Let x(i) = 7*i + 3. Calculate x(3).
24
Let g(y) = y**3 - 6*y**2 + 6*y + 7. What is g(5)?
12
Let j(a) = -a - 11. What is j(5)?
-16
Let o(i) = -12*i - 88. What is o(-7)?
-4
Let y(c) = c + 1. Give y(3).
4
Let q(t) = t + 2. What is q(7)?
9
Let l(j) = -16*j**2 - j - 2. Calculate l(2).
-68
Let n(u) = -70*u**3 + u - 1. Determine n(1).
-70
Let y(u) = u**3 - 6*u**2 + u + 6. What is y(5)?
-14
Let c(v) = -v + 17. Give c(5).
12
Let u(o) = -o**3 - 5*o**2 + 3*o - 5. Calculate u(-6).
13
Let d(l) = l**2 + 10*l + 25. Give d(-5).
0
Let u(z) = -7*z - 7. Determine u(-6).
35
Let v(z) = -4*z**2 - 10*z - 17. Determine v(-2).
-13
Let h(d) = -d**2 - 20*d + 153. Calculate h(6).
-3
Let f(t) = 3*t - 13. Calculate f(9).
14
Let t(x) = -2*x + 5. Calculate t(7).
-9
Let g(l) = -2*l**2 + 14*l + 5. Calculate g(7).
5
Let b(t) = -t + 35. Calculate b(31).
4
Let m(b) = -b**3 - 31*b**2 - 55*b + 94. Give m(-29).
7
Let j(k) = 10*k + 53. Calculate j(-7).
-17
Let x(b) = 7*b - 13. Give x(3).
8
Let g(z) = z**3 + 41*z**2 - 37*z + 210. What is g(-42)?
0
Let n(a) = a**2 + 15*a + 16. Give n(-11).
-28
Let p(j) = 3*j**3 - 2*j**2 - 4*j. Give p(3).
51
Let n(y) = y**3 + 6*y**2 - 10*y - 7. What is n(-7)?
14
Let g(k) = 2*k**2 - 24*k - 3. What is g(12)?
-3
Let y(t) = t**2 - 30*t + 32. Determine